04?
-34304142
In base 2, what is 1101000101001000101 - 1?
1101000101001000100
In base 7, what is -35253615 + -21?
-35253636
In base 8, what is 16357 + 5731?
24310
In base 4, what is 13211023301 - 20?
13211023221
In base 7, what is 2361440 + 11?
2361451
In base 10, what is 1 - 1075840?
-1075839
In base 8, what is -552 - -57362?
56610
In base 7, what is 124 - 16323063?
-16322636
In base 6, what is 220 - 403145?
-402525
In base 16, what is 3769 - -8b6?
401f
In base 9, what is 1522 + 1815?
3437
In base 7, what is 3 - 11554350235?
-11554350232
In base 11, what is -143 - 986895?
-986a28
In base 16, what is -89 + 31dac?
31d23
In base 5, what is 320 + 1341110102?
1341110422
In base 2, what is 1010001011100111 - 1110001011?
1001111101011100
In base 5, what is 4 - 1220312012?
-1220312003
In base 6, what is 14504 - -2041501?
2100405
In base 4, what is -10201121 - 202131?
-11003312
In base 11, what is 4237777 + -5?
4237772
In base 6, what is -10 + -25345135?
-25345145
In base 8, what is -1406563507 - -1?
-1406563506
In base 14, what is -7a5b7 + 2d?
-7a588
In base 12, what is -208 - a787a?
-a7a86
In base 2, what is 1101100 + 10001100100101010000?
10001100100110111100
In base 13, what is -b3 - 138c17?
-138cca
In base 3, what is 1100121020121 - -220200?
1100122011021
In base 9, what is 3 + -8806524?
-8806521
In base 12, what is -92 - -94831?
9475b
In base 5, what is -43234402232 - -2?
-43234402230
In base 3, what is 211100211 - 21102120?
112221021
In base 13, what is 2 - 610655?
-610653
In base 10, what is -1250 + -161208?
-162458
In base 13, what is 3a6ac6 - -1?
3a6ac7
In base 3, what is -10 - 12110122210201?
-12110122210211
In base 3, what is 111211 + -21012102011?
-21011220100
In base 5, what is -3044 + 104213422?
104210323
In base 8, what is 6 + -1254476406?
-1254476400
In base 2, what is -10101001111 + -100110011001000?
-101001000010111
In base 14, what is 22 - -5069b?
506bd
In base 9, what is -2 - -134315101?
134315088
In base 13, what is 6685b - 131a?
65541
In base 12, what is 192 - -1a529?
1a6bb
In base 11, what is 4 - -3aa0aa6?
3aa0aaa
In base 8, what is -355211 - -11?
-355200
In base 7, what is -5 - -253625651?
253625643
In base 2, what is -11110110110001111101011 - 101?
-11110110110001111110000
In base 2, what is -10111010100010011000001 + -101?
-10111010100010011000110
In base 8, what is 10 - -4310567?
4310577
In base 6, what is 433 + 10104442?
10105315
In base 12, what is -107a60b - 1?
-107a610
In base 14, what is -4807013 - 0?
-4807013
In base 5, what is -10 + -224444142?
-224444202
In base 4, what is -30 + 133333220221?
133333220131
In base 8, what is 504007 + 212?
504221
In base 16, what is 136d89 - -41?
136dca
In base 7, what is -1545632 - 1544?
-1550506
In base 12, what is 6b + -2207a?
-2200b
In base 9, what is 5 + 6707003?
6707008
In base 15, what is 11bd - 47152?
-45e84
In base 3, what is -20100 - -2202211002?
2202120202
In base 16, what is -5 + b1b98?
b1b93
In base 9, what is -33 + -567788?
-567832
In base 9, what is -14 + -2015851?
-2015865
In base 4, what is -1003310332 + 113?
-1003310213
In base 16, what is -6a4 + ec?
-5b8
In base 12, what is -1800a53 - -43?
-1800a10
In base 7, what is -235160 - -11010?
-224150
In base 14, what is 5 + -1040396d?
-10403968
In base 3, what is -120 - 1010200200220110?
-1010200200221000
In base 16, what is -56 + -49339f?
-4933f5
In base 5, what is 142320422300 - -10?
142320422310
In base 12, what is -4948003 + -4?
-4948007
In base 2, what is -111 + -1001110100001101110100?
-1001110100001101111011
In base 4, what is -12111300020221 + -11?
-12111300020232
In base 5, what is 311340 - -1232410?
2044300
In base 3, what is -1201010120201102 - 11?
-1201010120201120
In base 7, what is 105 + -142342?
-142234
In base 11, what is -27 + 1a177106?
1a17708a
In base 5, what is -212132403134 - -1?
-212132403133
In base 7, what is -43351 + -352?
-44033
In base 2, what is -11001100110101101100 + -10?
-11001100110101101110
In base 4, what is 210020 + 1112011?
1322031
In base 15, what is -b882 - -2ee?
-b583
In base 16, what is -5c - 5a020?
-5a07c
In base 15, what is 222 - 2620d?
-25edb
In base 3, what is -120202 - -11012100?
10121121
In base 3, what is 20220111102 + -121?
20220110211
In base 14, what is 2b + -25da9?
-25d7c
In base 3, what is -100110011020021100 - 20?
-100110011020021120
In base 4, what is 12103 - -1203323312?
1210002021
In base 7, what is -1545433 + 415?
-1545015
In base 14, what is -4ad4 - 62a?
-5320
In base 15, what is 4 + 5867e5?
5867e9
In base 9, what is 31 + 4161332?
4161363
In base 2, what is -1001110111110001001110 - -10110011?
-1001110111101110011011
In base 6, what is 14 - -150342430?
150342444
In base 9, what is -51820360 + 2?
-51820357
In base 11, what is -29789 + -47a3?
-33481
In base 2, what is -11 - 101100000111110001110?
-101100000111110010001
In base 15, what is -213ea026 + -5?
-213ea02b
In base 12, what is -13a721b58 + -1?
-13a721b59
In base 2, what is -1000010110000 + -100000010010010110?
-100001010101000110
In base 11, what is 4a72 + -5a91?
-101a
In base 16, what is d + -c09f5?
-c09e8
In base 8, what is 6417070 - 4?
6417064
In base 4, what is 1 + -200003031231?
-200003031230
In base 3, what is 0 + 1222121100111?
1222121100111
In base 2, what is 1011100110001000101 - -11100011?
1011100110100101000
In base 3, what is 1112120211111 + -10?
1112120211101
In base 16, what is 20 + -ab6d8?
-ab6b8
In base 12, what is 1 + -595b166?
-595b165
In base 13, what is 160a1a + 19a?
160bb7
In base 2, what is 10001001011000 + -11010001010?
1101111001110
In base 3, what is -10002102 + -1000112221221?
-1000200001100
In base 16, what is -19 + 5d664c?
5d6633
In base 13, what is 15a5097 + 20?
15a50b7
In base 7, what is 4 + -23134342?
-23134335
In base 11, what is -19068676 - -2?
-19068674
In base 12, what is a + -25231?
-25223
In base 3, what is -11 - -102002201121201?
102002201121120
In base 5, what is -1400232 + -413310?
-2314042
In base 16, what is -52 - 126f9d?
-126fef
In base 14, what is ba87 - -88?
bb31
In base 16, what is -436 + -30b07?
-30f3d
In base 14, what is -29c447 - -20?
-29c427
In base 10, what is 2131 + 4644?
6775
In base 14, what is -49426a - 11?
-49427b
In base 4, what is -12 - -1011030222323?
1011030222311
In base 15, what is 2143a4 + -36b?
214038
In base 12, what is -12 + 27589?
27577
In base 8, what is 2416716 - -1242?
2420160
In base 14, what is -257a1 + 71?
-25730
In base 11, what is -46aa84 + -1?
-46aa85
In base 15, what is 7e855 + 3d?
7e893
In base 16, what is 1d8 - 10b9b?
-109c3
In base 15, what is 9c8b1b - 3?
9c8b18
In base 14, what is 1 + 524753?
524754
In base 15, what is -1c - -1155774?
1155757
In base 10, what is 4889 + -52475?
-47586
In base 9, what is 26 - -5404603?
5404630
In base 9, what is 4 - -33065335?
33065340
In base 5, what is 140400 + -2423?
132422
In base 4, what is -1022213 + 10222312?
3200033
In base 9, what is -14144766 - 4?
-14144771
In base 16, what is -68 + 754f?
74e7
In base 8, what is 66640 + 1721?
70561
In base 12, what is 167 + -7963?
-77b8
In base 7, what is 45015 - 6313?
35402
In base 9, what is 338 + 446634?
447073
In base 11, what is -55804 - 740?
-56444
In base 10, what is -1936383 - 5?
-1936388
In base 15, what is 223 + -3380?
-315c
In base 6, what is 5343 + -13302?
-3515
In base 8, what is 6 - -2555157?
2555165
In base 14, what is -cca7 + -285?
-d14c
In base 16, what is -d437 - 638?
-da6f
In base 5, what is 101411211 - 140?
101411021
In base 2, what is -110010110010101010110 - -101?
-110010110010101010001
In base 2, what is 1001110000 - 101111000010110000?
-101110111001000000
In base 10, what is -223 - 1169457?
-1169680
In base 10, what is 10 - -8192?
8202
In base 2, what is -10101111100010101 + 11?
-10101111100010010
In base 5, what is 1341114301 + -12?
1341114234
In base 15, what is 0 + 1419458?
1419458
In base 4, what is -11313033 + -302121?
-12221220
In base 10, what is -15767 - 6940?
-22707
In base 8, what is 66515256 + -5?
66515251
In base 7, what is 15261 - 2201?
13060
In base 11, what is -227027 + -216?
-227242
In base 10, what is 38 - -8180416?
8180454
In base 10, what is 129751448 + 1?
129751449
In base 8, what is 11646453 - 15?
11646436
In base 7, what is 4124525445 + 1?
4124525446
In base 8, what is -1017373 - -13?
-1017360
In base 16, wh